{"id":14,"date":"2018-08-16T20:12:16","date_gmt":"2018-08-16T20:12:16","guid":{"rendered":"https:\/\/criteria.com.bo\/?page_id=14"},"modified":"2018-08-30T01:28:16","modified_gmt":"2018-08-30T01:28:16","slug":"alianzas","status":"publish","type":"page","link":"https:\/\/criteria.com.bo\/index.php\/alianzas\/","title":{"rendered":"Alianzas"},"content":{"rendered":"<body>\t\t<div data-elementor-type=\"wp-page\" data-elementor-id=\"14\" class=\"elementor elementor-14 elementor-bc-flex-widget\">\n\t\t\t\t\t\t<section class=\"has_eae_slider elementor-section elementor-top-section elementor-element elementor-element-389759c2 elementor-section-height-min-height elementor-section-content-middle elementor-section-stretched elementor-section-boxed elementor-section-height-default elementor-section-items-middle\" data-eae-slider=\"75677\" data-id=\"389759c2\" data-element_type=\"section\" data-e-type=\"section\" data-settings='{\"background_background\":\"classic\",\"stretch_section\":\"section-stretched\"}'>\n\t\t\t\t\t\t\t<div class=\"elementor-background-overlay\"><\/div>\n\t\t\t\t\t\t\t<div class=\"elementor-container elementor-column-gap-no\">\n\t\t\t\t\t<div class=\"has_eae_slider elementor-column elementor-col-50 elementor-top-column elementor-element elementor-element-6843ea3c\" data-eae-slider=\"35731\" data-id=\"6843ea3c\" data-element_type=\"column\" data-e-type=\"column\" data-settings='{\"background_background\":\"classic\"}'>\n\t\t\t<div class=\"elementor-widget-wrap elementor-element-populated\">\n\t\t\t\t\t\t<div class=\"elementor-element elementor-element-e54263a elementor-widget elementor-widget-image\" data-id=\"e54263a\" data-element_type=\"widget\" data-e-type=\"widget\" data-widget_type=\"image.default\">\n\t\t\t\t<div class=\"elementor-widget-container\">\n\t\t\t\t\t\t\t\t\t\t\t\t\t\t\t<img loading=\"lazy\" decoding=\"async\" width=\"197\" height=\"40\" src=\"https:\/\/i0.wp.com\/criteria.com.bo\/wp-content\/uploads\/2018\/08\/logo_layco_1.png?fit=197%2C40&amp;ssl=1\" class=\"attachment-medium size-medium wp-image-481\" alt=\"\" loading=\"lazy\">\t\t\t\t\t\t\t\t\t\t\t\t\t\t\t<\/div>\n\t\t\t\t<\/div>\n\t\t\t\t<div class=\"elementor-element elementor-element-5fafd2f elementor-widget elementor-widget-heading\" data-id=\"5fafd2f\" data-element_type=\"widget\" data-e-type=\"widget\" data-widget_type=\"heading.default\">\n\t\t\t\t<div class=\"elementor-widget-container\">\n\t\t\t\t\t<h2 class=\"elementor-heading-title elementor-size-default\">Muebles y exteriores ecol\u00f3gicos.<\/h2>\t\t\t\t<\/div>\n\t\t\t\t<\/div>\n\t\t\t\t<div class=\"elementor-element elementor-element-7799457c elementor-mobile-align-center elementor-widget elementor-widget-button\" data-id=\"7799457c\" data-element_type=\"widget\" data-e-type=\"widget\" data-widget_type=\"button.default\">\n\t\t\t\t<div class=\"elementor-widget-container\">\n\t\t\t\t\t\t\t\t\t<div class=\"elementor-button-wrapper\">\n\t\t\t\t\t<a class=\"elementor-button elementor-button-link elementor-size-sm elementor-animation-grow\" href=\"#\">\n\t\t\t\t\t\t<span class=\"elementor-button-content-wrapper\">\n\t\t\t\t\t\t\t\t\t<span class=\"elementor-button-text\">Ver Productos<\/span>\n\t\t\t\t\t<\/span>\n\t\t\t\t\t<\/a>\n\t\t\t\t<\/div>\n\t\t\t\t\t\t\t\t<\/div>\n\t\t\t\t<\/div>\n\t\t\t\t\t<\/div>\n\t\t<\/div>\n\t\t\t\t<div class=\"has_eae_slider elementor-column elementor-col-50 elementor-top-column elementor-element elementor-element-418c8842\" data-eae-slider=\"46774\" data-id=\"418c8842\" data-element_type=\"column\" data-e-type=\"column\">\n\t\t\t<div class=\"elementor-widget-wrap elementor-element-populated\">\n\t\t\t\t\t\t<div class=\"elementor-element elementor-element-70f0d625 elementor-widget elementor-widget-video\" data-id=\"70f0d625\" data-element_type=\"widget\" data-e-type=\"widget\" data-settings='{\"youtube_url\":\"https:\\\/\\\/youtu.be\\\/tQJc-F5K54c\",\"video_type\":\"youtube\",\"controls\":\"yes\"}' data-widget_type=\"video.default\">\n\t\t\t\t<div class=\"elementor-widget-container\">\n\t\t\t\t\t\t\t<div class=\"elementor-wrapper elementor-open-inline\">\n\t\t\t<div class=\"elementor-video\"><\/div>\t\t<\/div>\n\t\t\t\t\t\t<\/div>\n\t\t\t\t<\/div>\n\t\t\t\t\t<\/div>\n\t\t<\/div>\n\t\t\t\t\t<\/div>\n\t\t<\/section>\n\t\t\t\t<section class=\"has_eae_slider elementor-section elementor-top-section elementor-element elementor-element-5324c61a elementor-section-boxed elementor-section-height-default elementor-section-height-default\" data-eae-slider=\"71849\" data-id=\"5324c61a\" data-element_type=\"section\" data-e-type=\"section\">\n\t\t\t\t\t\t<div class=\"elementor-container elementor-column-gap-wider\">\n\t\t\t\t\t<div class=\"has_eae_slider elementor-column elementor-col-33 elementor-top-column elementor-element elementor-element-3e01c8e6\" data-eae-slider=\"99817\" data-id=\"3e01c8e6\" data-element_type=\"column\" data-e-type=\"column\">\n\t\t\t<div class=\"elementor-widget-wrap elementor-element-populated\">\n\t\t\t\t\t\t<div class=\"elementor-element elementor-element-14acaf08 elementor-position-top elementor-widget elementor-widget-image-box\" data-id=\"14acaf08\" data-element_type=\"widget\" data-e-type=\"widget\" data-widget_type=\"image-box.default\">\n\t\t\t\t<div class=\"elementor-widget-container\">\n\t\t\t\t\t<div class=\"elementor-image-box-wrapper\"><figure class=\"elementor-image-box-img\"><img loading=\"lazy\" decoding=\"async\" width=\"92\" height=\"71\" src=\"https:\/\/i0.wp.com\/criteria.com.bo\/wp-content\/uploads\/2018\/08\/estibas.jpg?fit=92%2C71&amp;ssl=1\" class=\"attachment-full size-full wp-image-486\" alt=\"\" loading=\"lazy\"><\/figure><div class=\"elementor-image-box-content\"><h3 class=\"elementor-image-box-title\">Estibas PLasticas<\/h3><p class=\"elementor-image-box-description\">Las estibas han sido creadas para la movilizaci\u00f3n y el almacenamiento de diversos productos, en sectores como el industrial, agropecuario, comercial y de servicio. Est\u00e1n dise\u00f1adas para tolerar el trabajo pesado, permitiendo manipularlas con estibador manual, el\u00e9ctrico o mec\u00e1nico.<\/p><\/div><\/div>\t\t\t\t<\/div>\n\t\t\t\t<\/div>\n\t\t\t\t\t<\/div>\n\t\t<\/div>\n\t\t\t\t<div class=\"has_eae_slider elementor-column elementor-col-33 elementor-top-column elementor-element elementor-element-85867a1\" data-eae-slider=\"28388\" data-id=\"85867a1\" data-element_type=\"column\" data-e-type=\"column\">\n\t\t\t<div class=\"elementor-widget-wrap elementor-element-populated\">\n\t\t\t\t\t\t<div class=\"elementor-element elementor-element-7718bef4 elementor-position-top elementor-widget elementor-widget-image-box\" data-id=\"7718bef4\" data-element_type=\"widget\" data-e-type=\"widget\" data-widget_type=\"image-box.default\">\n\t\t\t\t<div class=\"elementor-widget-container\">\n\t\t\t\t\t<div class=\"elementor-image-box-wrapper\"><figure class=\"elementor-image-box-img\"><img loading=\"lazy\" decoding=\"async\" width=\"137\" height=\"95\" src=\"https:\/\/i0.wp.com\/criteria.com.bo\/wp-content\/uploads\/2018\/08\/muebles.png?fit=137%2C95&amp;ssl=1\" class=\"attachment-full size-full wp-image-487\" alt=\"\" loading=\"lazy\"><\/figure><div class=\"elementor-image-box-content\"><h3 class=\"elementor-image-box-title\">Muebles y Exteriores Ecol\u00f3gicos<\/h3><p class=\"elementor-image-box-description\">Nuestros perfiles pl\u00e1sticos son elaborados a partir de sobrantes post-industriales (pl\u00e1sticos en general), los cuales son retirados de empresas dedicadas a la elaboraci\u00f3n de empaques para confiter\u00eda, productos de aseo, bebidas y en general todos aquellos art\u00edculos que requieren un empaque pl\u00e1stico para su comercializaci\u00f3n.<\/p><\/div><\/div>\t\t\t\t<\/div>\n\t\t\t\t<\/div>\n\t\t\t\t\t<\/div>\n\t\t<\/div>\n\t\t\t\t<div class=\"has_eae_slider elementor-column elementor-col-33 elementor-top-column elementor-element elementor-element-2e9629d1\" data-eae-slider=\"97422\" data-id=\"2e9629d1\" data-element_type=\"column\" data-e-type=\"column\">\n\t\t\t<div class=\"elementor-widget-wrap elementor-element-populated\">\n\t\t\t\t\t\t<div class=\"elementor-element elementor-element-75866e87 elementor-position-top elementor-widget elementor-widget-image-box\" data-id=\"75866e87\" data-element_type=\"widget\" data-e-type=\"widget\" data-widget_type=\"image-box.default\">\n\t\t\t\t<div class=\"elementor-widget-container\">\n\t\t\t\t\t<div class=\"elementor-image-box-wrapper\"><figure class=\"elementor-image-box-img\"><img loading=\"lazy\" decoding=\"async\" width=\"92\" height=\"71\" src=\"https:\/\/i0.wp.com\/criteria.com.bo\/wp-content\/uploads\/2018\/08\/pisos_plasticos.jpg?fit=92%2C71&amp;ssl=1\" class=\"attachment-full size-full wp-image-488\" alt=\"\" loading=\"lazy\"><\/figure><div class=\"elementor-image-box-content\"><h3 class=\"elementor-image-box-title\">Pisos Plasticos<\/h3><p class=\"elementor-image-box-description\">Los pisos fabricados en perfiles ecol\u00f3gicos, un producto 100% reciclable, tienen una alta resistencia a varios factores: la intemperie, impacto, humedad, corrosi\u00f3n y \u00e1cidos, teniendo una vida \u00fatil cercana a los 15 a\u00f1os.<\/p><\/div><\/div>\t\t\t\t<\/div>\n\t\t\t\t<\/div>\n\t\t\t\t\t<\/div>\n\t\t<\/div>\n\t\t\t\t\t<\/div>\n\t\t<\/section>\n\t\t\t\t<section class=\"has_eae_slider elementor-section elementor-top-section elementor-element elementor-element-259dad0d elementor-section-boxed elementor-section-height-default elementor-section-height-default\" data-eae-slider=\"59384\" data-id=\"259dad0d\" data-element_type=\"section\" data-e-type=\"section\">\n\t\t\t\t\t\t<div class=\"elementor-container elementor-column-gap-default\">\n\t\t\t\t\t<div class=\"has_eae_slider elementor-column elementor-col-100 elementor-top-column elementor-element elementor-element-5a61952c\" data-eae-slider=\"57303\" data-id=\"5a61952c\" data-element_type=\"column\" data-e-type=\"column\">\n\t\t\t<div class=\"elementor-widget-wrap elementor-element-populated\">\n\t\t\t\t\t\t<div class=\"elementor-element elementor-element-3928ddd4 elementor-widget elementor-widget-heading\" data-id=\"3928ddd4\" data-element_type=\"widget\" data-e-type=\"widget\" data-widget_type=\"heading.default\">\n\t\t\t\t<div class=\"elementor-widget-container\">\n\t\t\t\t\t<h4 class=\"elementor-heading-title elementor-size-large\">PRODUCTOS ADECUADOS PARA EL MERCADO BOLIVIANO<\/h4>\t\t\t\t<\/div>\n\t\t\t\t<\/div>\n\t\t\t\t<div class=\"elementor-element elementor-element-24d254c5 elementor-arrows-position-outside elementor-widget elementor-widget-image-carousel\" data-id=\"24d254c5\" data-element_type=\"widget\" data-e-type=\"widget\" data-settings='{\"slides_to_show\":\"5\",\"slides_to_scroll\":\"1\",\"navigation\":\"arrows\",\"image_spacing_custom\":{\"unit\":\"px\",\"size\":\"60\",\"sizes\":[]},\"autoplay\":\"yes\",\"pause_on_hover\":\"yes\",\"pause_on_interaction\":\"yes\",\"autoplay_speed\":5000,\"infinite\":\"yes\",\"speed\":500,\"image_spacing_custom_tablet\":{\"unit\":\"px\",\"size\":\"\",\"sizes\":[]},\"image_spacing_custom_mobile\":{\"unit\":\"px\",\"size\":\"\",\"sizes\":[]}}' data-widget_type=\"image-carousel.default\">\n\t\t\t\t<div class=\"elementor-widget-container\">\n\t\t\t\t\t\t\t<div class=\"elementor-image-carousel-wrapper swiper\" role=\"region\" aria-roledescription=\"carousel\" aria-label=\"Image Carousel\" dir=\"ltr\">\n\t\t\t<div class=\"elementor-image-carousel swiper-wrapper swiper-image-stretch\" aria-live=\"off\">\n\t\t\t\t\t\t\t\t<div class=\"swiper-slide\" role=\"group\" aria-roledescription=\"slide\" aria-label=\"1 of 16\"><figure class=\"swiper-slide-inner\"><img decoding=\"async\" class=\"swiper-slide-image\" src=\"https:\/\/i0.wp.com\/criteria.com.bo\/wp-content\/uploads\/2018\/08\/layco_11.jpg?resize=150%2C150&amp;ssl=1\" alt=\"layco_11\" loading=\"lazy\"><\/figure><\/div><div class=\"swiper-slide\" role=\"group\" aria-roledescription=\"slide\" aria-label=\"2 of 16\"><figure class=\"swiper-slide-inner\"><img decoding=\"async\" class=\"swiper-slide-image\" src=\"https:\/\/i0.wp.com\/criteria.com.bo\/wp-content\/uploads\/2018\/08\/layco_10.jpg?resize=150%2C150&amp;ssl=1\" alt=\"layco_10\" loading=\"lazy\"><\/figure><\/div><div class=\"swiper-slide\" role=\"group\" aria-roledescription=\"slide\" aria-label=\"3 of 16\"><figure class=\"swiper-slide-inner\"><img decoding=\"async\" class=\"swiper-slide-image\" src=\"https:\/\/i0.wp.com\/criteria.com.bo\/wp-content\/uploads\/2018\/08\/layco_04.jpg?resize=150%2C150&amp;ssl=1\" alt=\"layco_04\" loading=\"lazy\"><\/figure><\/div><div class=\"swiper-slide\" role=\"group\" aria-roledescription=\"slide\" aria-label=\"4 of 16\"><figure class=\"swiper-slide-inner\"><img decoding=\"async\" class=\"swiper-slide-image\" src=\"https:\/\/i0.wp.com\/criteria.com.bo\/wp-content\/uploads\/2018\/08\/layco_02.jpg?resize=150%2C150&amp;ssl=1\" alt=\"layco_02\" loading=\"lazy\"><\/figure><\/div><div class=\"swiper-slide\" role=\"group\" aria-roledescription=\"slide\" aria-label=\"5 of 16\"><figure class=\"swiper-slide-inner\"><img decoding=\"async\" class=\"swiper-slide-image\" src=\"https:\/\/i0.wp.com\/criteria.com.bo\/wp-content\/uploads\/2018\/08\/layco_01.jpg?resize=150%2C150&amp;ssl=1\" alt=\"layco_01\" loading=\"lazy\"><\/figure><\/div><div class=\"swiper-slide\" role=\"group\" aria-roledescription=\"slide\" aria-label=\"6 of 16\"><figure class=\"swiper-slide-inner\"><img decoding=\"async\" class=\"swiper-slide-image\" src=\"https:\/\/i0.wp.com\/criteria.com.bo\/wp-content\/uploads\/2018\/08\/imagen-pegada-961x721.jpg?resize=150%2C150&amp;ssl=1\" alt=\"imagen pegada 961x721\" loading=\"lazy\"><\/figure><\/div><div class=\"swiper-slide\" role=\"group\" aria-roledescription=\"slide\" aria-label=\"7 of 16\"><figure class=\"swiper-slide-inner\"><img decoding=\"async\" class=\"swiper-slide-image\" src=\"https:\/\/i0.wp.com\/criteria.com.bo\/wp-content\/uploads\/2018\/08\/dsc00279.jpg?resize=150%2C150&amp;ssl=1\" alt=\"dsc00279\" loading=\"lazy\"><\/figure><\/div><div class=\"swiper-slide\" role=\"group\" aria-roledescription=\"slide\" aria-label=\"8 of 16\"><figure class=\"swiper-slide-inner\"><img decoding=\"async\" class=\"swiper-slide-image\" src=\"https:\/\/i0.wp.com\/criteria.com.bo\/wp-content\/uploads\/2018\/08\/encierros-plasticos-12-crop-u15639.jpg?resize=150%2C150&amp;ssl=1\" alt=\"encierros plasticos (12)-crop-u15639\" loading=\"lazy\"><\/figure><\/div><div class=\"swiper-slide\" role=\"group\" aria-roledescription=\"slide\" aria-label=\"9 of 16\"><figure class=\"swiper-slide-inner\"><img decoding=\"async\" class=\"swiper-slide-image\" src=\"https:\/\/i0.wp.com\/criteria.com.bo\/wp-content\/uploads\/2018\/08\/imagen-pegada-492x656.jpg?resize=150%2C150&amp;ssl=1\" alt=\"imagen pegada 492x656\" loading=\"lazy\"><\/figure><\/div><div class=\"swiper-slide\" role=\"group\" aria-roledescription=\"slide\" aria-label=\"10 of 16\"><figure class=\"swiper-slide-inner\"><img decoding=\"async\" class=\"swiper-slide-image\" src=\"https:\/\/i0.wp.com\/criteria.com.bo\/wp-content\/uploads\/2018\/08\/imagen-pegada-661x496.jpg?resize=150%2C150&amp;ssl=1\" alt=\"imagen pegada 661x496\" loading=\"lazy\"><\/figure><\/div><div class=\"swiper-slide\" role=\"group\" aria-roledescription=\"slide\" aria-label=\"11 of 16\"><figure class=\"swiper-slide-inner\"><img decoding=\"async\" class=\"swiper-slide-image\" src=\"https:\/\/i0.wp.com\/criteria.com.bo\/wp-content\/uploads\/2018\/08\/feria-buga-3-crop-u15679.jpg?resize=150%2C150&amp;ssl=1\" alt=\"feria buga (3)-crop-u15679\" loading=\"lazy\"><\/figure><\/div><div class=\"swiper-slide\" role=\"group\" aria-roledescription=\"slide\" aria-label=\"12 of 16\"><figure class=\"swiper-slide-inner\"><img decoding=\"async\" class=\"swiper-slide-image\" src=\"https:\/\/i0.wp.com\/criteria.com.bo\/wp-content\/uploads\/2018\/08\/estiba-antoderrame-con-ochos.jpg?resize=150%2C150&amp;ssl=1\" alt=\"estiba antoderrame con ochos\" loading=\"lazy\"><\/figure><\/div><div class=\"swiper-slide\" role=\"group\" aria-roledescription=\"slide\" aria-label=\"13 of 16\"><figure class=\"swiper-slide-inner\"><img decoding=\"async\" class=\"swiper-slide-image\" src=\"https:\/\/i0.wp.com\/criteria.com.bo\/wp-content\/uploads\/2018\/08\/pisos_plasticos.jpg?resize=92%2C71&amp;ssl=1\" alt=\"pisos_plasticos\" loading=\"lazy\"><\/figure><\/div><div class=\"swiper-slide\" role=\"group\" aria-roledescription=\"slide\" aria-label=\"14 of 16\"><figure class=\"swiper-slide-inner\"><img decoding=\"async\" class=\"swiper-slide-image\" src=\"https:\/\/i0.wp.com\/criteria.com.bo\/wp-content\/uploads\/2018\/08\/muebles.png?resize=137%2C95&amp;ssl=1\" alt=\"muebles\" loading=\"lazy\"><\/figure><\/div><div class=\"swiper-slide\" role=\"group\" aria-roledescription=\"slide\" aria-label=\"15 of 16\"><figure class=\"swiper-slide-inner\"><img decoding=\"async\" class=\"swiper-slide-image\" src=\"https:\/\/i0.wp.com\/criteria.com.bo\/wp-content\/uploads\/2018\/08\/estibas.jpg?resize=92%2C71&amp;ssl=1\" alt=\"estibas\" loading=\"lazy\"><\/figure><\/div><div class=\"swiper-slide\" role=\"group\" aria-roledescription=\"slide\" aria-label=\"16 of 16\"><figure class=\"swiper-slide-inner\"><img decoding=\"async\" class=\"swiper-slide-image\" src=\"https:\/\/i0.wp.com\/criteria.com.bo\/wp-content\/uploads\/2018\/08\/imagen-pegada-841x631-1.jpg?resize=150%2C150&amp;ssl=1\" alt=\"imagen pegada 841x631\" loading=\"lazy\"><\/figure><\/div>\t\t\t<\/div>\n\t\t\t\t\t\t\t\t\t\t\t\t<div class=\"elementor-swiper-button elementor-swiper-button-prev\" role=\"button\" tabindex=\"0\">\n\t\t\t\t\t\t<i aria-hidden=\"true\" class=\"eicon-chevron-left\"><\/i>\t\t\t\t\t<\/div>\n\t\t\t\t\t<div class=\"elementor-swiper-button elementor-swiper-button-next\" role=\"button\" tabindex=\"0\">\n\t\t\t\t\t\t<i aria-hidden=\"true\" class=\"eicon-chevron-right\"><\/i>\t\t\t\t\t<\/div>\n\t\t\t\t\n\t\t\t\t\t\t\t\t\t<\/div>\n\t\t\t\t\t\t<\/div>\n\t\t\t\t<\/div>\n\t\t\t\t<div class=\"elementor-element elementor-element-5588e0a4 elementor-widget-divider--view-line elementor-widget elementor-widget-divider\" data-id=\"5588e0a4\" data-element_type=\"widget\" data-e-type=\"widget\" data-widget_type=\"divider.default\">\n\t\t\t\t<div class=\"elementor-widget-container\">\n\t\t\t\t\t\t\t<div class=\"elementor-divider\">\n\t\t\t<span class=\"elementor-divider-separator\">\n\t\t\t\t\t\t<\/span>\n\t\t<\/div>\n\t\t\t\t\t\t<\/div>\n\t\t\t\t<\/div>\n\t\t\t\t\t<\/div>\n\t\t<\/div>\n\t\t\t\t\t<\/div>\n\t\t<\/section>\n\t\t\t\t<section class=\"has_eae_slider elementor-section elementor-top-section elementor-element elementor-element-150953df elementor-section-height-min-height elementor-section-content-middle elementor-section-stretched elementor-section-boxed elementor-section-height-default elementor-section-items-middle\" data-eae-slider=\"62580\" data-id=\"150953df\" data-element_type=\"section\" data-e-type=\"section\" data-settings='{\"background_background\":\"classic\",\"stretch_section\":\"section-stretched\"}'>\n\t\t\t\t\t\t<div class=\"elementor-container elementor-column-gap-default\">\n\t\t\t\t\t<div class=\"has_eae_slider elementor-column elementor-col-50 elementor-top-column elementor-element elementor-element-6223a1e4\" data-eae-slider=\"13297\" data-id=\"6223a1e4\" data-element_type=\"column\" data-e-type=\"column\">\n\t\t\t<div class=\"elementor-widget-wrap elementor-element-populated\">\n\t\t\t\t\t\t<div class=\"elementor-element elementor-element-6329a414 elementor-widget elementor-widget-heading\" data-id=\"6329a414\" data-element_type=\"widget\" data-e-type=\"widget\" data-widget_type=\"heading.default\">\n\t\t\t\t<div class=\"elementor-widget-container\">\n\t\t\t\t\t<h3 class=\"elementor-heading-title elementor-size-large\"><div style=\"height: 25px\"><span><\/span><\/div><div><div><div><div style=\"text-align:center\"><span style=\"font-family: Raleway;font-size: 22px\">Comprometidos con el medio ambiente, conoce nuestros productos hechos con material 100% reciclado.<\/span><\/div><\/div><\/div><\/div><\/h3>\t\t\t\t<\/div>\n\t\t\t\t<\/div>\n\t\t\t\t\t<\/div>\n\t\t<\/div>\n\t\t\t\t<div class=\"has_eae_slider elementor-column elementor-col-50 elementor-top-column elementor-element elementor-element-2a6c0a99\" data-eae-slider=\"95604\" data-id=\"2a6c0a99\" data-element_type=\"column\" data-e-type=\"column\">\n\t\t\t<div class=\"elementor-widget-wrap elementor-element-populated\">\n\t\t\t\t\t\t<div class=\"elementor-element elementor-element-1d9170be elementor-align-center elementor-widget elementor-widget-button\" data-id=\"1d9170be\" data-element_type=\"widget\" data-e-type=\"widget\" data-widget_type=\"button.default\">\n\t\t\t\t<div class=\"elementor-widget-container\">\n\t\t\t\t\t\t\t\t\t<div class=\"elementor-button-wrapper\">\n\t\t\t\t\t<a class=\"elementor-button elementor-button-link elementor-size-lg\" href=\"#\">\n\t\t\t\t\t\t<span class=\"elementor-button-content-wrapper\">\n\t\t\t\t\t\t\t\t\t<span class=\"elementor-button-text\">Contacto<\/span>\n\t\t\t\t\t<\/span>\n\t\t\t\t\t<\/a>\n\t\t\t\t<\/div>\n\t\t\t\t\t\t\t\t<\/div>\n\t\t\t\t<\/div>\n\t\t\t\t\t<\/div>\n\t\t<\/div>\n\t\t\t\t\t<\/div>\n\t\t<\/section>\n\t\t\t\t<\/div>\n\t\t<\/body>","protected":false},"excerpt":{"rendered":"<p>Muebles y exteriores ecol\u00f3gicos. Ver Productos Estibas PLasticas Las estibas han sido creadas para la movilizaci\u00f3n y el almacenamiento de diversos productos, en sectores como el industrial, agropecuario, comercial y de servicio.<a class=\"moretag\" href=\"https:\/\/criteria.com.bo\/index.php\/alianzas\/\">Read More&#8230;<\/a><\/p>\n","protected":false},"author":1,"featured_media":0,"parent":0,"menu_order":0,"comment_status":"closed","ping_status":"closed","template":"","meta":{"om_disable_all_campaigns":false,"_monsterinsights_skip_tracking":false,"_monsterinsights_sitenote_active":false,"_monsterinsights_sitenote_note":"","_monsterinsights_sitenote_category":0,"footnotes":""},"class_list":["post-14","page","type-page","status-publish","hentry"],"jetpack_sharing_enabled":true,"_links":{"self":[{"href":"https:\/\/criteria.com.bo\/index.php\/wp-json\/wp\/v2\/pages\/14"}],"collection":[{"href":"https:\/\/criteria.com.bo\/index.php\/wp-json\/wp\/v2\/pages"}],"about":[{"href":"https:\/\/criteria.com.bo\/index.php\/wp-json\/wp\/v2\/types\/page"}],"author":[{"embeddable":true,"href":"https:\/\/criteria.com.bo\/index.php\/wp-json\/wp\/v2\/users\/1"}],"replies":[{"embeddable":true,"href":"https:\/\/criteria.com.bo\/index.php\/wp-json\/wp\/v2\/comments?post=14"}],"version-history":[{"count":14,"href":"https:\/\/criteria.com.bo\/index.php\/wp-json\/wp\/v2\/pages\/14\/revisions"}],"predecessor-version":[{"id":512,"href":"https:\/\/criteria.com.bo\/index.php\/wp-json\/wp\/v2\/pages\/14\/revisions\/512"}],"wp:attachment":[{"href":"https:\/\/criteria.com.bo\/index.php\/wp-json\/wp\/v2\/media?parent=14"}],"curies":[{"name":"wp","href":"https:\/\/api.w.org\/{rel}","templated":true}]}}